hat is the tens digit of 195334?
3
What is the units digit of 7415730?
0
What is the thousands digit of 721932?
1
What is the millions digit of 33842416?
3
What is the hundreds digit of 241427?
4
What is the ten thousands digit of 1683495?
8
What is the hundreds digit of 619620?
6
What is the ten millions digit of 19919522?
1
What is the ten thousands digit of 10928380?
2
What is the ten thousands digit of 380635?
8
What is the units digit of 8813185?
5
What is the units digit of 806550?
0
What is the hundreds digit of 3241002?
0
What is the millions digit of 1562874?
1
What is the millions digit of 7726091?
7
What is the hundred thousands digit of 9851088?
8
What is the hundreds digit of 433899?
8
What is the hundred thousands digit of 467290?
4
What is the thousands digit of 16368321?
8
What is the hundreds digit of 4952153?
1
What is the ten thousands digit of 1101843?
0
What is the tens digit of 516164?
6
What is the millions digit of 7664729?
7
What is the hundred thousands digit of 9307179?
3
What is the thousands digit of 4475501?
5
What is the millions digit of 6511980?
6
What is the millions digit of 5791708?
5
What is the hundred thousands digit of 258424?
2
What is the millions digit of 1286755?
1
What is the ten thousands digit of 3700558?
0
What is the ten thousands digit of 86695?
8
What is the ten thousands digit of 91050?
9
What is the ten thousands digit of 35768029?
6
What is the ten millions digit of 10111134?
1
What is the units digit of 23252?
2
What is the units digit of 4966192?
2
What is the tens digit of 3961?
6
What is the ten millions digit of 26503202?
2
What is the hundreds digit of 7845496?
4
What is the thousands digit of 757925?
7
What is the tens digit of 6751178?
7
What is the hundred thousands digit of 7485190?
4
What is the tens digit of 31457?
5
What is the units digit of 233244?
4
What is the tens digit of 1990228?
2
What is the hundred thousands digit of 10543434?
5
What is the hundreds digit of 21206630?
6
What is the ten thousands digit of 58697?
5
What is the hundreds digit of 1087594?
5
What is the thousands digit of 22825?
2
What is the units digit of 18868079?
9
What is the thousands digit of 606418?
6
What is the tens digit of 956754?
5
What is the thousands digit of 26076665?
6
What is the units digit of 41555?
5
What is the ten millions digit of 21509360?
2
What is the units digit of 3549865?
5
What is the hundreds digit of 15401199?
1
What is the units digit of 333939?
9
What is the hundred thousands digit of 18040467?
0
What is the tens digit of 114495?
9
What is the ten thousands digit of 795596?
9
What is the hundreds digit of 356604?
6
What is the tens digit of 302529?
2
What is the ten thousands digit of 123247?
2
What is the hundred thousands digit of 685716?
6
What is the units digit of 10553002?
2
What is the ten thousands digit of 26139013?
3
What is the tens digit of 1163051?
5
What is the tens digit of 2540486?
8
What is the hundreds digit of 5179673?
6
What is the millions digit of 5252783?
5
What is the tens digit of 65793?
9
What is the units digit of 9696783?
3
What is the hundred thousands digit of 3967542?
9
What is the units digit of 3318619?
9
What is the hundreds digit of 10070259?
2
What is the ten thousands digit of 12923257?
2
What is the units digit of 75161?
1
What is the units digit of 579873?
3
What is the tens digit of 9424?
2
What is the thousands digit of 770620?
0
What is the units digit of 10393926?
6
What is the thousands digit of 6557746?
7
What is the tens digit of 1955931?
3
What is the hundreds digit of 186260?
2
What is the ten thousands digit of 200276?
0
What is the tens digit of 7620544?
4
What is the units digit of 476245?
5
What is the units digit of 225998?
8
What is the units digit of 3370327?
7
What is the thousands digit of 696999?
6
What is the thousands digit of 49491?
9
What is the units digit of 1506991?
1
What is the tens digit of 4069414?
1
What is the hundreds digit of 181002?
0
What is the thousands digit of 580714?
0
What is the ten thousands digit of 165849?
6
What is the thousands digit of 2064349?
4
What is the hundred thousands digit of 398545?
3
What is the units digit of 1626265?
5
What is the thousands digit of 71924?
1
What is the tens digit of 9264230?
3
What is the units digit of 8122053?
3
What is the units digit of 1353369?
9
What is the millions digit of 1629231?
1
What is the units digit of 83123?
3
What is the ten thousands digit of 4246553?
4
What is the hundreds digit of 1448980?
9
What is the hundreds digit of 368700?
7
What is the ten thousands digit of 243305?
4
What is the hundred thousands digit of 380215?
3
What is the hundred thousands digit of 4791998?
7
What is the tens digit of 2087458?
5
What is the millions digit of 1337242?
1
What is the units digit of 9249162?
2
What is the hundreds digit of 254365?
3
What is the hundreds digit of 2345581?
5
What is the thousands digit of 1250721?
0
What is the units digit of 6256009?
9
What is the hundreds digit of 257538?
5
What is the hundreds digit of 206000?
0
What is the thousands digit of 133159?
3
What is the thousands digit of 138200?
8
What is the ten thousands digit of 186709?
8
What is the hundreds digit of 10404506?
5
What is the ten thousands digit of 148383?
4
What is the ten thousands digit of 448232?
4
What is the thousands digit of 106327?
6
What is the thousands digit of 2857310?
7
What is the tens digit of 18536716?
1
What is the hundreds digit of 217358?
3
What is the tens digit of 129?
2
What is the hundreds digit of 1419906?
9
What is the ten thousands digit of 5944303?
4
What is the hundreds digit of 19252198?
1
What is the hundred thousands digit of 1694964?
6
What is the ten thousands digit of 288191?
8
What is the ten thousands digit of 534293?
3
What is the ten thousands digit of 3794514?
9
What is the ten millions digit of 21213565?
2
What is the ten thousands digit of 207659?
0
What is the tens digit of 186308?
0
What is the tens digit of 1094252?
5
What is the ten thousands digit of 775310?
7
What is the hundreds digit of 7073123?
1
What is the hundreds digit of 3360237?
2
What is the hundred thousands digit of 532563?
5
What is the hundred thousands digit of 176319?
1
What is the ten thousands digit of 41895614?
9
What is the hundreds digit of 6384931?
9
What is the hundred thousands digit of 18496146?
4
What is the tens digit of 526381?
8
What is the units digit of 1145336?
6
What is the tens digit of 6528356?
5
What is the thousands digit of 77524?
7
What is the millions digit of 2035537?
2
What is the thousands digit of 1002074?
2
What is the tens digit of 2155633?
3
What is the tens digit of 765952?
5
What is the units digit of 311560?
0
What is the ten thousands digit of 392944?
9
What is the tens digit of 27311220?
2
What is the ten thousands digit of 82531?
8
What is the ten thousands digit of 7981223?
8
What is the ten millions digit of 12563115?
1
What is the thousands digit of 440798?
0
What is the units digit of 11434340?
0
What is the hundreds digit of 186582?
5
What is the hundreds digit of 669604?
6
What is the hundred thousands digit of 368303?
3
What is the hundred thousands digit of 1336191?
3
What is the hundreds digit of 263046?
0
What is the hundreds digit of 436625?
6
What is the thousands digit of 7653000?
3
What is the millions digit of 1885405?
1
What is the tens digit of 160535?
3
What is the hundred thousands digit of 961995?
9
What is the thousands digit of 1096165?
6
What is the thousands digit of 538938?
8
What is the hundreds digit of 9179925?
9
What is the millions digit of 2517529?
2
What is the millions digit of 4498236?
4
What is the ten thousands digit of 317815?
1
What is the millions digit of 7633872?
7
What is the units digit of 1532982?
2
What is the millions digit of 1063339?
1
What is the hundred thousands digit of 10538122?
5
What is the thousands digit of 450046?
0
What is the hundreds digit of 5495766?
7
What is the tens digit of 781769?
6
What is the tens digit of 73273?
7
What is the thousands digit of 415486?
5
What is the tens digit of 264828?
2
What is the ten thousands digit of 939413?
3
What is the ten thousands digit of 1671479?
7
What is the ten thousands digit of 405166?
0
What is the te